st common factor of 606861411 and 2613?
2613
What is the highest common divisor of 640 and 45703904?
32
What is the highest common divisor of 541693880 and 260?
260
Calculate the highest common divisor of 251531539 and 17633.
1603
What is the highest common factor of 42 and 679476?
42
Calculate the greatest common divisor of 141086 and 13750.
22
What is the greatest common factor of 2196823 and 24945?
1663
Calculate the greatest common factor of 78277632 and 48.
48
What is the highest common divisor of 1683 and 1343678589?
1683
Calculate the greatest common divisor of 561 and 3933292737.
561
What is the greatest common divisor of 1452 and 6653548?
484
Calculate the highest common factor of 288 and 81509454.
18
Calculate the highest common factor of 2624480006 and 3062.
3062
What is the highest common divisor of 1585896 and 73684?
676
What is the highest common factor of 50589 and 62821143?
693
What is the highest common divisor of 486 and 20069964?
54
Calculate the highest common factor of 1887 and 2401743.
51
Calculate the highest common factor of 905 and 419645.
5
Calculate the highest common factor of 967011 and 2091.
51
What is the greatest common divisor of 237420 and 86760?
180
Calculate the highest common divisor of 11580 and 25354410.
5790
Calculate the highest common divisor of 416 and 127427040.
416
What is the highest common divisor of 608 and 1040877?
19
Calculate the greatest common divisor of 1558 and 5304230.
38
Calculate the highest common divisor of 408784 and 501289.
881
Calculate the greatest common divisor of 642169 and 407.
11
Calculate the greatest common divisor of 2736340 and 40180.
820
What is the highest common divisor of 722480 and 1045?
55
Calculate the highest common factor of 19056 and 1494308.
1588
What is the greatest common factor of 2726301 and 15687?
249
Calculate the greatest common divisor of 74265683 and 937.
937
What is the greatest common divisor of 7630 and 35290?
10
What is the highest common factor of 87407063 and 1?
1
What is the highest common divisor of 34 and 2263408186?
34
Calculate the highest common divisor of 1225 and 562975.
175
Calculate the greatest common divisor of 113033 and 27426253.
1853
What is the greatest common factor of 486 and 570624?
6
Calculate the greatest common factor of 2781 and 1114587.
27
Calculate the greatest common factor of 60 and 6100680.
60
What is the highest common divisor of 615 and 1300344315?
615
What is the highest common factor of 147728 and 8233198?
2638
Calculate the greatest common factor of 262622 and 342.
2
Calculate the highest common divisor of 307005 and 2579715.
1455
Calculate the greatest common divisor of 3148 and 1080551.
787
Calculate the greatest common factor of 8625 and 241431.
69
Calculate the greatest common factor of 9207 and 3014781.
1023
What is the greatest common divisor of 27110980 and 1690?
1690
What is the highest common factor of 11880 and 53902440?
360
Calculate the greatest common divisor of 7593 and 256714268.
2531
What is the highest common factor of 604 and 10146898?
302
Calculate the greatest common factor of 53722770 and 90.
30
What is the greatest common divisor of 143469239 and 7659?
851
What is the greatest common divisor of 65540 and 2407?
29
What is the highest common factor of 858 and 461472?
66
What is the highest common factor of 18920 and 62062760?
1720
Calculate the greatest common factor of 20654 and 1436800.
898
What is the greatest common divisor of 160 and 333656?
8
Calculate the greatest common divisor of 301 and 273209874.
301
What is the greatest common divisor of 111 and 222333185?
37
Calculate the highest common divisor of 208646928 and 1308.
1308
What is the highest common factor of 30200760 and 2376?
72
What is the greatest common divisor of 40582 and 10688038?
394
Calculate the greatest common divisor of 10389 and 498.
3
Calculate the greatest common factor of 699039 and 1384416.
2277
Calculate the greatest common factor of 1287 and 7688109.
429
What is the greatest common factor of 4738 and 121831?
23
Calculate the greatest common factor of 37799922 and 6.
6
What is the highest common factor of 23268 and 1421028?
84
What is the greatest common factor of 1341515 and 10?
5
Calculate the greatest common divisor of 366279 and 1247739.
249
What is the greatest common factor of 1336878 and 46094?
38
Calculate the highest common divisor of 248 and 783368.
8
What is the highest common factor of 1243529 and 126?
7
What is the highest common divisor of 108 and 5959188?
36
Calculate the highest common divisor of 15546 and 1686.
6
What is the greatest common factor of 998601175 and 3575?
3575
Calculate the highest common divisor of 860161 and 41586.
239
Calculate the highest common divisor of 2 and 3215424.
2
What is the highest common divisor of 884419 and 23?
23
Calculate the greatest common factor of 101985514 and 326.
326
Calculate the highest common factor of 551 and 6221689.
29
Calculate the highest common factor of 2760 and 156621120.
120
What is the highest common divisor of 137176 and 47632?
104
What is the highest common factor of 101905029 and 279?
279
What is the greatest common factor of 362136060 and 858?
858
What is the greatest common factor of 77940 and 31320?
180
Calculate the greatest common factor of 1230077589 and 871.
871
Calculate the greatest common factor of 1167 and 18065549.
389
What is the highest common divisor of 1021845 and 5808?
363
Calculate the highest common factor of 36 and 3856572.
36
What is the greatest common divisor of 3808 and 4464208?
112
Calculate the greatest common divisor of 7747775 and 350.
175
What is the greatest common factor of 648415 and 23657?
41
What is the greatest common divisor of 13105 and 80852608?
2621
Calculate the highest common divisor of 6666 and 54824.
22
What is the highest common divisor of 768830 and 2475?
5
What is the greatest common factor of 58580037 and 54?
27
Calculate the highest common factor of 924 and 10342101.
231
Calculate the greatest common factor of 2 and 8313162.
2
What is the highest common divisor of 41917 and 181529?
167
What is the greatest common divisor of 20188 and 1223?
1
What is the greatest common divisor of 101 and 1236752878?
101
What is the highest common factor of 2257528 and 2548?
2548
Calculate the highest common divisor of 48039909 and 2159.
2159
What is the highest common divisor of 40 and 20781340?
20
What is the highest common divisor of 504530 and 5590?
130
What is the greatest common factor of 1505 and 12768119?
301
Calculate the greatest common divisor of 621 and 286956027.
621
What is the greatest common divisor of 800655 and 21870?
15
What is the greatest common factor of 29 and 1387269404?
29
Calculate the greatest common divisor of 242 and 3750406.
22
Calculate the highest common divisor of 38632 and 2244168.
3512
Calculate the highest common factor of 208556133 and 1464.
183
Calculate the highest common divisor of 348 and 125661324.
12
What is the greatest common factor of 3510 and 71295822?
702
What is the greatest common divisor of 228 and 2306163?
57
What is the greatest common divisor of 310 and 26031165?
155
Calculate the highest common divisor of 7117 and 6437650.
647
What is the highest common divisor of 33 and 19187949?
33
What is the greatest common factor of 21150 and 40335?
15
Calculate the greatest common factor of 64 and 23467408.
16
Calculate the greatest common divisor of 191084294 and 2.
2
Calculate the highest common factor of 67872 and 2143008.
672
Calculate the highest common divisor of 7228471895 and 5515.
5515
Calculate the highest common divisor of 22320 and 7014680.
1240
What is the highest common factor of 564 and 111756?
12
Calculate the greatest common divisor of 787487 and 18.
1
Calculate the highest common factor of 137230 and 8170.
10
Calculate the highest common divisor of 27650 and 4158.
14
What is the greatest common factor of 973754657 and 23?
23
Calculate the greatest common factor of 956 and 59923753.
239
What is the highest common divisor of 103299680 and 121?
11
What is the greatest common factor of 208012 and 19817?
133
What is the greatest common factor of 931 and 66920?
7
What is the highest common divisor of 11 and 64088244?
11
What is the highest common divi